6*y - 20*y - 34726, o - y - 6945 = 0. List the prime factors of o.
2, 23, 151
Let y(g) = 3*g**3 + g**2 + g - 1. Let s(i) = 1509*i**3 - 4*i**2 + 3*i - 2. Let f(w) = s(w) + 2*y(w). What are the prime factors of f(1)?
2, 757
Suppose -430385 = 137*r - 2021366. What are the prime factors of r?
3, 7, 79
Let v(f) = 9435*f**2 - 475*f - 475. List the prime factors of v(-1).
3, 5, 17, 37
Let f(g) be the third derivative of g**5/30 + g**4/12 + 29*g**3/6 + 12*g**2. Let z(n) be the first derivative of f(n). List the prime factors of z(2).
2, 5
Let z be 92/(-28) - 2/(-7). Let t = 45 + z. Let y = t + -21. What are the prime factors of y?
3, 7
Let f(p) = -26*p + 1004. List the prime factors of f(-6).
2, 5, 29
Suppose 66*i - 363100 = -205419 + 213041. List the prime factors of i.
41, 137
Let i(q) = 305*q**2 - 74*q + 237. List the prime factors of i(3).
2, 3, 5, 23
Let v(a) = -a**2 + a + 1. Let t = -49 + 55. Let m(d) = 7*d**3 + d**2 - 5*d - 4. Let i(s) = t*v(s) + m(s). List the prime factors of i(3).
149
Let x = 452 + 171. Let f = x - 401. List the prime factors of ((-1)/2)/((-3)/f).
37
Let m(w) = w**3 - 5*w**2 - 6*w + 5. Let g be m(6). Let j = -5 + g. Suppose -4*i - 20 = j, -6*v + 2*i + 340 = -v. What are the prime factors of v?
2, 3, 11
Let h = 128821 - 81696. List the prime factors of h.
5, 13, 29
Let h(c) = -6*c - 19. Let l be h(-4). Suppose -10 = -l*g - 0*g, -2*x + 106 = 2*g. List the prime factors of x.
3, 17
Suppose -f - 2*h = -75 + 7, 2*h = -3*f + 204. Suppose -f = -p - 1. Suppose 0 = -5*g + p + 13. List the prime factors of g.
2
Let g(q) = -4*q + 9. Let v be g(-3). List the prime factors of (21240/(-16) + 1)*(-24)/v.
2, 379
Suppose -319*f = -364*f + 174240. What are the prime factors of f?
2, 11
Suppose 5*q = 2*y - 7 - 17, -4*q = 16. Let r(p) = p - 2*p**2 - 2 + 2*p**y + 12*p**2. What are the prime factors of r(-2)?
2, 11
Let c(a) = a**3 - 2*a**2 - a + 3. Let x be c(2). What are the prime factors of (x/3)/(68/53448)?
2, 131
Suppose -15*y + 1176 = -11*y. Let k = 699 - y. List the prime factors of k.
3, 5
Suppose 0 = -3*w - 3*x - 107574, -5*w + 4*x = 144942 + 34330. List the prime factors of 1*5 - (w/9)/4.
7, 11, 13
Let d(b) = -b**3 - 30*b**2 - 97*b - 165. What are the prime factors of d(-37)?
13007
Let z = -255 - -505. Let f be z*1 + (-3 - (-5)/(-5)). Let x = f + -130. What are the prime factors of x?
2, 29
Let i = 144 - -4486. What are the prime factors of i?
2, 5, 463
What are the prime factors of 5 + 87956/16 + (-5)/4?
5501
Suppose -6*c - 3 = 3. Let t(f) = -181*f + 2. Let l be t(c). Suppose -l = 4*j - 507. List the prime factors of j.
3
Let h be 10/(-15) + (-737)/(-3). Let y = h - 161. List the prime factors of y.
2, 3, 7
Suppose 730*l - 831*l + 1906880 = 0. What are the prime factors of l?
2, 5, 59
Let c(f) = 13. Let a(g) = -g - 27. Let n(q) = 6*a(q) + 15*c(q). Let y be n(6). Let i(h) = -31*h - 12. What are the prime factors of i(y)?
3
Let y = -1463 - -253. Let c = 2173 + y. What are the prime factors of c?
3, 107
Let n(v) = 421*v + 794. What are the prime factors of n(29)?
13003
Let n(f) = -2*f - 35. Let z(s) = -s - 18. Let a(h) = -3*n(h) + 5*z(h). Let m be a(-9). Let b(i) = 2*i**3 - 8*i**2 - 5*i + 1. List the prime factors of b(m).
5, 23
List the prime factors of (294/4)/(21/60 + (-1)/3).
2, 3, 5, 7
Let p be 171/(-12) - (-1)/4. Let h be 3*2/(-21) + (-46)/p. Suppose 2*k = -4*x + 82, h*k - 3*x = 160 - 19. What are the prime factors of k?
3, 5
Suppose 3*f = 34*f - 341. Let j(r) = r**3 - 5*r**2 - 27*r + 17. List the prime factors of j(f).
2, 223
Let l be 2/9 - (-125)/45. Suppose -l*n + 73 = -8*w + 3*w, 0 = 2*n - w - 58. Let p = n + 124. What are the prime factors of p?
5, 31
Let k = -31 + 341. Suppose 5*j - y - 373 = 0, -5*y = -7*j + 11*j - k. What are the prime factors of j?
3, 5
Suppose 3*p = 4*p - 4. Let z(u) = -u**3 + 4*u**2. Let t be z(p). What are the prime factors of 1*t/3 - -54?
2, 3
Let z(k) = 1224*k + 620. What are the prime factors of z(5)?
2, 5, 337
Suppose -5*y + 3*y - 2*c = -68, 2*y - c = 68. Let n(r) = -r**2 + 13*r - 4. Let m be n(6). Suppose t - y = m. What are the prime factors of t?
2, 3
Let n = -294 + 294. Let a(s) = -s**3 + 2*s + 280. List the prime factors of a(n).
2, 5, 7
Let g be (4 - (-114)/(-30)) + (-21)/5. Let q(h) = -10*h + 2. Let v be q(g). Suppose -3*t = 3*n - v, 4*n - 2*n = -t + 28. List the prime factors of n.
2, 7
Let l = 144 + -125. Suppose 12*d = l*d - 21. What are the prime factors of d?
3
Suppose w - 770 = -w + 2*x, 1155 = 3*w + 3*x. Let v = w + -103. What are the prime factors of v?
2, 3, 47
Let m be ((-16)/(-20))/(14/10 + -1). Suppose -21 = -g - 2*y, 5*g - 2*y - m*y = 35. Let q = 93 + g. What are the prime factors of q?
2, 13
Let h(s) = -2*s**2 - 16*s + 2. Let q be h(-8). Let r be 7/((-42)/(-27))*72. Suppose -2*g + 3*n + 158 = 0, g + 3*g = q*n + r. What are the prime factors of g?
2, 41
Suppose 0 = 4*h - 2*a - 63961 + 10535, 2*h = 5*a + 26693. What are the prime factors of h?
3, 61, 73
Let c(g) = 3*g**2 + 26*g + 18. Let l be c(-8). Suppose m - 373 = -x + 69, 0 = m - l*x - 448. What are the prime factors of m?
2, 3, 37
Suppose 195*b - 199*b + 16 = 0. Let w(p) = -p**2 - 25*p + 13. Let g be w(-12). Suppose -4*a + 384 = b*d, g = 4*d - 2*a - 209. List the prime factors of d.
5, 19
List the prime factors of (-180)/(-4)*24/(-30)*(-108 - -6).
2, 3, 17
Let k be 0*5/(60/(-6)). Let d be -3 - (-381 - -4 - k). Let y = -180 + d. What are the prime factors of y?
2, 97
Let i = 34 - 29. Suppose i*j = 0, -3*j = -0*m - m + 229. List the prime factors of m.
229
Suppose -8 = -2*s + 4*b + 10, s + 4*b - 9 = 0. Suppose 147 = -s*m + 48. List the prime factors of 1 + m/11*(-160)/2.
3
Let h = -11123 + 16847. What are the prime factors of h?
2, 3, 53
Let q(y) be the first derivative of y**4/6 + 23*y**3/3 + 37*y**2/2 + 33. Let b(x) be the second derivative of q(x). List the prime factors of b(11).
2, 3, 5
Let k be -1*35292/(-42) + 4/(-14). Suppose -47*f - k = -53*f. What are the prime factors of f?
2, 5, 7
Let r = -6000 + 12083. List the prime factors of r.
7, 11, 79
Suppose 4*m + 24 = -2*m. What are the prime factors of 1065/(-4 - 22/m)?
2, 5, 71
Suppose 224*g + 5*s + 39780 = 228*g, -4*g - 4*s = -39780. What are the prime factors of g?
3, 5, 13, 17
Suppose 0 = -7*g - 13*g + 100. What are the prime factors of (g/10)/((-3)/(-3546))?
3, 197
Suppose 0 = -w + 5*c + 1594, 0 = -3*w - 5*c + 1327 + 3395. Let h = -892 + w. List the prime factors of h.
3, 229
Let q(y) = 17*y - 36. Let l(v) = -v**3 + 6*v**2 + 3*v - 7. Let h be l(4). Suppose -2*f - 3*f - w = -h, f + 7 = -5*w. List the prime factors of q(f).
2, 5
Suppose -171289 = -83*h + 46503. What are the prime factors of h?
2, 41
Suppose -11*y = -7*y - 344. Let s = y + -134. What are the prime factors of 711/4 - 12/s?
2, 89
Let h be (-21)/35 - (-23)/5. Suppose -5*q - 4 = -h*q. List the prime factors of 442/13 + q/(-2).
2, 3
Suppose 3*r + 6542 = 8*r - 4*v, r - 1320 = -5*v. List the prime factors of 2/(4 + (-5235)/r).
2, 131
Let r(m) be the second derivative of 17*m**5/60 - 7*m**4/12 - m**3/2 + 21*m. Let k(n) be the second derivative of r(n). What are the prime factors of k(5)?
2, 3, 13
Let b(x) = 810*x - 522. List the prime factors of b(8).
2, 3, 331
Suppose 25*m + 0*m - 100 = 0. Suppose -162 = -r - 5*u, 2*r = m*u + 185 + 153. What are the prime factors of r?
167
Let b(l) be the second derivative of -7/6*l**4 + 33*l + 1/20*l**5 + 5/3*l**3 + 0 + 19/2*l**2. What are the prime factors of b(14)?
3, 53
Suppose 0 = -3*u - n + 15, -17*n + 12*n = 0. Suppose -s - 5 = -l, u*l = -s + 25 + 6. List the prime factors of l.
2, 3
Let h = 1 + 30. Suppose -38*t - 9 = -41*t. Suppose 90 = 4*o - 5*x, -2*o - h = -t*o - 3*x. What are the prime factors of o?
5
Suppose -136*c + 60978430 = 701*c - 4488362. What are the prime factors of c?
2, 3, 3259
Suppose 2*q = 5*z + 662, -564*z + 561*z = -q + 328. What are the prime factors of q?
2, 173
Let d(y) = -90*y**2 - 3*y - 19. Let h be d(5). Let q = -1566 - h. What are the prime factors of q?
2, 359
Let b(w) be the third derivative of -w**6/360 + 65*w**4/24 - 11*w**3/6 - 4*w**2. Let s(y) be the first derivative of b(y). What are the prime factors of s(0)?
5, 13
Let o(s) = 2*s**3 - s**2 - 5*s + 3. Let b be o(2). Suppose 30665 - b = 7*g. List the prime factors of g/16 + -3 - 6/8.
2